{"id":2591,"date":"2022-04-28T12:03:52","date_gmt":"2022-04-28T17:03:52","guid":{"rendered":"https:\/\/etnografia.convocatoriaprone.mx\/?page_id=2591"},"modified":"2022-05-04T12:10:43","modified_gmt":"2022-05-04T17:10:43","slug":"1-kajlaay-memoria-etnografia-y-participacion-comunitaria-en-torno-al-patrimonio-biocultural-peninsular-en-el-marco-del-megaproyecto-del-tren-maya","status":"publish","type":"page","link":"https:\/\/etnografia.convocatoriaprone.mx\/?page_id=2591","title":{"rendered":"1. K\u2019AJL\u00c1AY. Memoria, etnograf\u00eda y participaci\u00f3n comunitaria en torno al patrimonio biocultural peninsular en el marco del Megaproyecto del Tren Maya"},"content":{"rendered":"<div data-colibri-id=\"2591-c1\" class=\"style-1374 style-local-2591-c1 position-relative\">\n  <!---->\n  <div data-colibri-component=\"section\" data-colibri-id=\"2591-c2\" id=\"reusable-sections\" class=\"h-section h-section-global-spacing d-flex align-items-lg-center align-items-md-center align-items-center style-1375 style-local-2591-c2 position-relative\">\n    <!---->\n    <!---->\n    <div class=\"h-section-grid-container h-section-boxed-container\">\n      <!---->\n      <div data-colibri-id=\"2591-c3\" class=\"h-row-container gutters-row-lg-2 gutters-row-md-2 gutters-row-0 gutters-row-v-lg-2 gutters-row-v-md-2 gutters-row-v-2 style-1376 style-local-2591-c3 position-relative\">\n        <!---->\n        <div class=\"h-row justify-content-lg-center justify-content-md-center justify-content-center align-items-lg-stretch align-items-md-stretch align-items-stretch gutters-col-lg-2 gutters-col-md-2 gutters-col-0 gutters-col-v-lg-2 gutters-col-v-md-2 gutters-col-v-2\">\n          <!---->\n          <div class=\"h-column h-column-container d-flex h-col-lg-auto h-col-md-auto h-col-auto style-1377-outer style-local-2591-c4-outer\">\n            <div data-colibri-id=\"2591-c4\" class=\"d-flex h-flex-basis h-column__inner h-px-lg-2 h-px-md-2 h-px-2 v-inner-lg-2 v-inner-md-2 v-inner-2 style-1377 style-local-2591-c4 position-relative\">\n              <!---->\n              <!---->\n              <div class=\"w-100 h-y-container h-column__content h-column__v-align flex-basis-100 align-self-lg-start align-self-md-start align-self-start\">\n                <!---->\n                <div data-colibri-id=\"2591-c5\" data-aos=\"zoomIn\" class=\"h-text h-text-component style-1378 style-local-2591-c5 position-relative h-element\">\n                  <!---->\n                  <!---->\n                  <div class=\"\">\n                    <p><strong style=\"font-weight: 400; color: rgb(0, 0, 0); font-family: Montserrat, sans-serif; font-size: 98%;\">L\u00ednea de investigaci\u00f3n<em>: Diversidad cultural, identidad y memoria en el contexto de los problemas nacionales<\/em><\/strong><\/p>\n                    <p><strong style=\"font-weight: 400; color: rgb(0, 0, 0); font-family: Montserrat, sans-serif; font-size: 98%;\">Eje: <em>Lengua, alteridad, identidad, memoria y otros saberes<\/em><\/strong><\/p>\n                    <p><strong style=\"font-weight: 400; color: rgb(0, 0, 0); font-family: Montserrat, sans-serif; font-size: 98%;\">Nombre de proyecto: <em>K\u00b4AJL\u00c1AY. Memoria, etnograf\u00eda y participaci\u00f3n comunitaria en torno al patrimonio biocultural peninsular en el marco del Megaproyecto del Tren Maya<\/em><\/strong><\/p>\n                    <p><strong style=\"font-weight: 400; color: rgb(0, 0, 0); font-family: Montserrat, sans-serif; font-size: 98%;\">Palabras clave: <em>Maya, Identidad, Lengua, Tren maya<\/em><\/strong><\/p>\n                    <p><strong style=\"font-weight: 400; color: rgb(0, 0, 0); font-family: Montserrat, sans-serif; font-size: 98%;\">Etnograf\u00eda en tres comunidades de Yucat\u00e1n (Maxcan\u00fa, Kimbil\u00e1 y Chemax), con \u00e9nfasis en la lengua maya, la organizaci\u00f3n colectiva y las identidades, enfocada a procesos de participaci\u00f3n comunitaria para entender y evaluar riesgos, retos y oportunidades en el contexto del Proyecto Tren Maya. Las comunidades se seleccionaron por estar ubicadas en la ruta de ese megaproyecto, expresando distintas formas de vitalidad de su lengua materna.<\/strong><\/p>\n                    <p><strong style=\"font-weight: 400; color: rgb(0, 0, 0); font-family: Montserrat, sans-serif; font-size: 98%;\">Responsable de proyecto<\/strong><\/p>\n                    <p><strong style=\"font-weight: 400; color: rgb(0, 0, 0); font-family: Montserrat, sans-serif; font-size: 98%;\">Pedro Ernesto Lewin Fischer<\/strong><\/p>\n                    <p><strong style=\"font-weight: 400; color: rgb(0, 0, 0); font-family: Montserrat, sans-serif; font-size: 98%;\">pedrolewinfischer@gmail.com<\/strong><\/p>\n                    <p><strong style=\"font-weight: 400; color: rgb(0, 0, 0); font-family: Montserrat, sans-serif; font-size: 98%;\">Centro INAH Yucat\u00e1n<\/strong><\/p>\n                    <p><strong style=\"font-weight: 400; color: rgb(0, 0, 0); font-family: Montserrat, sans-serif; font-size: 98%;\">Fidencio Brice\u00f1o Chel<\/strong><\/p>\n                    <p><strong style=\"font-weight: 400; color: rgb(0, 0, 0); font-family: Montserrat, sans-serif; font-size: 98%;\">fbchel@yahoo.com.mx<\/strong><\/p>\n                    <p><strong style=\"font-weight: 400; color: rgb(0, 0, 0); font-family: Montserrat, sans-serif; font-size: 98%;\">Centro INAH Yucat\u00e1n<\/strong><\/p>\n                    <p><strong style=\"font-weight: 400; color: rgb(0, 0, 0); font-family: Montserrat, sans-serif; font-size: 98%;\">&nbsp;Mar\u00eda del Carmen Castillo Cisneros<\/strong><\/p>\n                    <p><strong style=\"font-weight: 400; color: rgb(0, 0, 0); font-family: Montserrat, sans-serif; font-size: 98%;\">carmen_castillo@inah.gob.mx<\/strong><\/p>\n                    <p><strong style=\"font-weight: 400; color: rgb(0, 0, 0); font-family: Montserrat, sans-serif; font-size: 98%;\">Centro INAH Yucat\u00e1n<\/strong><\/p>\n                  <\/div>\n                <\/div>\n              <\/div>\n            <\/div>\n          <\/div>\n        <\/div>\n      <\/div>\n    <\/div>\n  <\/div>\n<\/div>","protected":false},"excerpt":{"rendered":"<p>L\u00ednea de investigaci\u00f3n: Diversidad cultural, identidad y memoria en el contexto de los problemas nacionales Eje: Lengua, alteridad, identidad, memoria y otros saberes Nombre de proyecto: K\u00b4AJL\u00c1AY. Memoria, etnograf\u00eda y [&hellip;]<\/p>\n","protected":false},"author":1,"featured_media":0,"parent":0,"menu_order":0,"comment_status":"closed","ping_status":"closed","template":"page-templates\/full-width-page.php","meta":{"footnotes":""},"class_list":["post-2591","page","type-page","status-publish","hentry"],"_links":{"self":[{"href":"https:\/\/etnografia.convocatoriaprone.mx\/index.php?rest_route=\/wp\/v2\/pages\/2591","targetHints":{"allow":["GET"]}}],"collection":[{"href":"https:\/\/etnografia.convocatoriaprone.mx\/index.php?rest_route=\/wp\/v2\/pages"}],"about":[{"href":"https:\/\/etnografia.convocatoriaprone.mx\/index.php?rest_route=\/wp\/v2\/types\/page"}],"author":[{"embeddable":true,"href":"https:\/\/etnografia.convocatoriaprone.mx\/index.php?rest_route=\/wp\/v2\/users\/1"}],"replies":[{"embeddable":true,"href":"https:\/\/etnografia.convocatoriaprone.mx\/index.php?rest_route=%2Fwp%2Fv2%2Fcomments&post=2591"}],"version-history":[{"count":2,"href":"https:\/\/etnografia.convocatoriaprone.mx\/index.php?rest_route=\/wp\/v2\/pages\/2591\/revisions"}],"predecessor-version":[{"id":2867,"href":"https:\/\/etnografia.convocatoriaprone.mx\/index.php?rest_route=\/wp\/v2\/pages\/2591\/revisions\/2867"}],"wp:attachment":[{"href":"https:\/\/etnografia.convocatoriaprone.mx\/index.php?rest_route=%2Fwp%2Fv2%2Fmedia&parent=2591"}],"curies":[{"name":"wp","href":"https:\/\/api.w.org\/{rel}","templated":true}]}}

1. K’AJLÁAY. Memoria, etnografía y participación comunitaria en torno al patrimonio biocultural peninsular en el marco del Megaproyecto del Tren Maya

<div data-colibri-id="2591-c1" class="style-1374 style-local-2591-c1 position-relative">
  <!---->
  <div data-colibri-component="section" data-colibri-id="2591-c2" id="reusable-sections" class="h-section h-section-global-spacing d-flex align-items-lg-center align-items-md-center align-items-center style-1375 style-local-2591-c2 position-relative">
    <!---->
    <!---->
    <div class="h-section-grid-container h-section-boxed-container">
      <!---->
      <div data-colibri-id="2591-c3" class="h-row-container gutters-row-lg-2 gutters-row-md-2 gutters-row-0 gutters-row-v-lg-2 gutters-row-v-md-2 gutters-row-v-2 style-1376 style-local-2591-c3 position-relative">
        <!---->
        <div class="h-row justify-content-lg-center justify-content-md-center justify-content-center align-items-lg-stretch align-items-md-stretch align-items-stretch gutters-col-lg-2 gutters-col-md-2 gutters-col-0 gutters-col-v-lg-2 gutters-col-v-md-2 gutters-col-v-2">
          <!---->
          <div class="h-column h-column-container d-flex h-col-lg-auto h-col-md-auto h-col-auto style-1377-outer style-local-2591-c4-outer">
            <div data-colibri-id="2591-c4" class="d-flex h-flex-basis h-column__inner h-px-lg-2 h-px-md-2 h-px-2 v-inner-lg-2 v-inner-md-2 v-inner-2 style-1377 style-local-2591-c4 position-relative">
              <!---->
              <!---->
              <div class="w-100 h-y-container h-column__content h-column__v-align flex-basis-100 align-self-lg-start align-self-md-start align-self-start">
                <!---->
                <div data-colibri-id="2591-c5" data-aos="zoomIn" class="h-text h-text-component style-1378 style-local-2591-c5 position-relative h-element">
                  <!---->
                  <!---->
                  <div class="">
                    <p><strong style="font-weight: 400; color: rgb(0, 0, 0); font-family: Montserrat, sans-serif; font-size: 98%;">Línea de investigación<em>: Diversidad cultural, identidad y memoria en el contexto de los problemas nacionales</em></strong></p>
                    <p><strong style="font-weight: 400; color: rgb(0, 0, 0); font-family: Montserrat, sans-serif; font-size: 98%;">Eje: <em>Lengua, alteridad, identidad, memoria y otros saberes</em></strong></p>
                    <p><strong style="font-weight: 400; color: rgb(0, 0, 0); font-family: Montserrat, sans-serif; font-size: 98%;">Nombre de proyecto: <em>K´AJLÁAY. Memoria, etnografía y participación comunitaria en torno al patrimonio biocultural peninsular en el marco del Megaproyecto del Tren Maya</em></strong></p>
                    <p><strong style="font-weight: 400; color: rgb(0, 0, 0); font-family: Montserrat, sans-serif; font-size: 98%;">Palabras clave: <em>Maya, Identidad, Lengua, Tren maya</em></strong></p>
                    <p><strong style="font-weight: 400; color: rgb(0, 0, 0); font-family: Montserrat, sans-serif; font-size: 98%;">Etnografía en tres comunidades de Yucatán (Maxcanú, Kimbilá y Chemax), con énfasis en la lengua maya, la organización colectiva y las identidades, enfocada a procesos de participación comunitaria para entender y evaluar riesgos, retos y oportunidades en el contexto del Proyecto Tren Maya. Las comunidades se seleccionaron por estar ubicadas en la ruta de ese megaproyecto, expresando distintas formas de vitalidad de su lengua materna.</strong></p>
                    <p><strong style="font-weight: 400; color: rgb(0, 0, 0); font-family: Montserrat, sans-serif; font-size: 98%;">Responsable de proyecto</strong></p>
                    <p><strong style="font-weight: 400; color: rgb(0, 0, 0); font-family: Montserrat, sans-serif; font-size: 98%;">Pedro Ernesto Lewin Fischer</strong></p>
                    <p><strong style="font-weight: 400; color: rgb(0, 0, 0); font-family: Montserrat, sans-serif; font-size: 98%;">pedrolewinfischer@gmail.com</strong></p>
                    <p><strong style="font-weight: 400; color: rgb(0, 0, 0); font-family: Montserrat, sans-serif; font-size: 98%;">Centro INAH Yucatán</strong></p>
                    <p><strong style="font-weight: 400; color: rgb(0, 0, 0); font-family: Montserrat, sans-serif; font-size: 98%;">Fidencio Briceño Chel</strong></p>
                    <p><strong style="font-weight: 400; color: rgb(0, 0, 0); font-family: Montserrat, sans-serif; font-size: 98%;">fbchel@yahoo.com.mx</strong></p>
                    <p><strong style="font-weight: 400; color: rgb(0, 0, 0); font-family: Montserrat, sans-serif; font-size: 98%;">Centro INAH Yucatán</strong></p>
                    <p><strong style="font-weight: 400; color: rgb(0, 0, 0); font-family: Montserrat, sans-serif; font-size: 98%;">&nbsp;María del Carmen Castillo Cisneros</strong></p>
                    <p><strong style="font-weight: 400; color: rgb(0, 0, 0); font-family: Montserrat, sans-serif; font-size: 98%;">carmen_castillo@inah.gob.mx</strong></p>
                    <p><strong style="font-weight: 400; color: rgb(0, 0, 0); font-family: Montserrat, sans-serif; font-size: 98%;">Centro INAH Yucatán</strong></p>
                  </div>
                </div>
              </div>
            </div>
          </div>
        </div>
      </div>
    </div>
  </div>
</div>

<p>Línea de investigación: Diversidad cultural, identidad y memoria en el contexto de los problemas nacionales Eje: Lengua, alteridad, identidad, memoria y otros saberes Nombre de proyecto: K´AJLÁAY. Memoria, etnografía y [&hellip;]</p>
